{"id":837,"date":"2018-08-09T11:45:30","date_gmt":"2018-08-09T09:45:30","guid":{"rendered":"http:\/\/beta.eiposgrados.com\/?page_id=837"},"modified":"2024-02-27T10:26:44","modified_gmt":"2024-02-27T09:26:44","slug":"mission-and-values","status":"publish","type":"page","link":"https:\/\/eiposgrados.com\/eng\/mision-y-valores\/","title":{"rendered":"Mission, vision and values at EIP"},"content":{"rendered":"\n<div class=\"wp-block-cover\" style=\"min-height:40vh;aspect-ratio:unset;\"><span aria-hidden=\"true\" class=\"wp-block-cover__background has-azul-eip-background-color has-background-dim-80 has-background-dim\"><\/span><img fetchpriority=\"high\" decoding=\"async\" width=\"1920\" height=\"1280\" class=\"wp-block-cover__image-background wp-image-35921\" alt=\"\" src=\"https:\/\/eiposgrados.com\/wp-content\/uploads\/2021\/06\/valores-del-empredimiento-scaled.jpg\" style=\"object-position:51% 23%\" data-object-fit=\"cover\" data-object-position=\"51% 23%\" title=\"\" srcset=\"https:\/\/eiposgrados.com\/wp-content\/uploads\/2021\/06\/valores-del-empredimiento-scaled.jpg 1920w, https:\/\/eiposgrados.com\/wp-content\/uploads\/2021\/06\/valores-del-empredimiento-300x200.jpg 300w, https:\/\/eiposgrados.com\/wp-content\/uploads\/2021\/06\/valores-del-empredimiento-1024x683.jpg 1024w, https:\/\/eiposgrados.com\/wp-content\/uploads\/2021\/06\/valores-del-empredimiento-768x512.jpg 768w, https:\/\/eiposgrados.com\/wp-content\/uploads\/2021\/06\/valores-del-empredimiento-1536x1024.jpg 1536w, https:\/\/eiposgrados.com\/wp-content\/uploads\/2021\/06\/valores-del-empredimiento-2048x1365.jpg 2048w, https:\/\/eiposgrados.com\/wp-content\/uploads\/2021\/06\/valores-del-empredimiento-248x165.jpg 248w, https:\/\/eiposgrados.com\/wp-content\/uploads\/2021\/06\/valores-del-empredimiento-190x126.jpg 190w\" sizes=\"(max-width: 1920px) 100vw, 1920px\" \/><div class=\"wp-block-cover__inner-container is-layout-flow wp-block-cover-is-layout-flow\"><div class=\"gb-container gb-container-11ab40f4\"><div class=\"gb-inside-container\">\n\n<h1 class=\"gb-headline gb-headline-3461ab19 gb-headline-text\" data-aos=\"fade-up\" data-aos-duration=\"1000\">Misi\u00f3n, visi\u00f3n y valores en EIP<\/h1>\n\n\n\n<p class=\"has-text-align-center\" data-aos=\"fade-down\" data-aos-duration=\"1000\">Conoce los valores que determinan la filosof\u00eda de la <strong>EIP International Business School<\/strong> en cuanto a mejora social, econ\u00f3mica y cultural, a trav\u00e9s del desarrollo tecnol\u00f3gico y educativo.<\/p>\n\n<\/div><\/div><\/div><\/div>\n\n\n\n<div class=\"wp-block-group alignfull\"><div class=\"wp-block-group__inner-container is-layout-constrained wp-block-group-is-layout-constrained\">\n<div class=\"wp-block-columns are-vertically-aligned-center is-layout-flex wp-container-core-columns-is-layout-9d6595d7 wp-block-columns-is-layout-flex\">\n<div class=\"wp-block-column is-vertically-aligned-center is-layout-flow wp-block-column-is-layout-flow\"><div class=\"gb-container gb-container-c25bf6b7\"><div class=\"gb-inside-container\">\n\n<h1 class=\"gb-headline gb-headline-c996a711 gb-headline-text\" data-aos=\"fade\" data-aos-duration=\"1000\"><strong>Misi\u00f3n<\/strong><\/h1>\n\n\n\n<p data-aos=\"fade\">En la EIP International Business School hemos adquirido el&nbsp;<strong>compromiso de ofrecer a j\u00f3venes cualificados una experiencia formativa <\/strong>que les permitan desarrollar las competencias que demanda la sociedad actual y trabajar en el sector o \u00e1rea que desean.<\/p>\n\n\n\n<p data-aos=\"fade\">Adem\u00e1s, somos la \u00fanica Escuela en atreverse a ofrecer una garant\u00eda de empleo asociada a sus m\u00e1steres, siempre y cuando el alumno o la alumna cumpla con una serie de requisitos como el de finalizar con \u00e9xito sus estudios.<\/p>\n\n<\/div><\/div><\/div>\n\n\n\n<div class=\"wp-block-column is-vertically-aligned-center is-layout-flow wp-block-column-is-layout-flow\">\n<div class=\"wp-block-cover is-light block-visibility-hide-small-screen\"><span aria-hidden=\"true\" class=\"wp-block-cover__background has-background-dim-0 has-background-dim\"><\/span><img decoding=\"async\" width=\"1344\" height=\"896\" class=\"wp-block-cover__image-background wp-image-76965\" alt=\"Empleos Junior Mejor Pagados\" src=\"https:\/\/eiposgrados.com\/wp-content\/uploads\/2023\/02\/empleos-junior-mejor-pagados.jpg\" data-object-fit=\"cover\" title=\"\" srcset=\"https:\/\/eiposgrados.com\/wp-content\/uploads\/2023\/02\/empleos-junior-mejor-pagados.jpg 1344w, https:\/\/eiposgrados.com\/wp-content\/uploads\/2023\/02\/empleos-junior-mejor-pagados-300x200.jpg 300w, https:\/\/eiposgrados.com\/wp-content\/uploads\/2023\/02\/empleos-junior-mejor-pagados-1024x683.jpg 1024w, https:\/\/eiposgrados.com\/wp-content\/uploads\/2023\/02\/empleos-junior-mejor-pagados-768x512.jpg 768w, https:\/\/eiposgrados.com\/wp-content\/uploads\/2023\/02\/empleos-junior-mejor-pagados-248x165.jpg 248w, https:\/\/eiposgrados.com\/wp-content\/uploads\/2023\/02\/empleos-junior-mejor-pagados-123x82.jpg 123w, https:\/\/eiposgrados.com\/wp-content\/uploads\/2023\/02\/empleos-junior-mejor-pagados-500x333.jpg 500w, https:\/\/eiposgrados.com\/wp-content\/uploads\/2023\/02\/empleos-junior-mejor-pagados-800x533.jpg 800w, https:\/\/eiposgrados.com\/wp-content\/uploads\/2023\/02\/empleos-junior-mejor-pagados-1280x853.jpg 1280w, https:\/\/eiposgrados.com\/wp-content\/uploads\/2023\/02\/empleos-junior-mejor-pagados-200x133.jpg 200w\" sizes=\"(max-width: 1344px) 100vw, 1344px\" \/><div class=\"wp-block-cover__inner-container is-layout-flow wp-block-cover-is-layout-flow\">\n<div style=\"height:100px\" aria-hidden=\"true\" class=\"wp-block-spacer\"><\/div>\n<\/div><\/div>\n<\/div>\n<\/div>\n<\/div><\/div>\n\n\n\n<div class=\"wp-block-group alignfull\"><div class=\"wp-block-group__inner-container is-layout-constrained wp-block-group-is-layout-constrained\">\n<div class=\"wp-block-columns are-vertically-aligned-center is-layout-flex wp-container-core-columns-is-layout-9d6595d7 wp-block-columns-is-layout-flex\">\n<div class=\"wp-block-column is-vertically-aligned-center is-layout-flow wp-block-column-is-layout-flow\">\n<div class=\"wp-block-cover is-light block-visibility-hide-small-screen\"><span aria-hidden=\"true\" class=\"wp-block-cover__background has-background-dim-0 has-background-dim\"><\/span><img decoding=\"async\" width=\"1245\" height=\"830\" class=\"wp-block-cover__image-background wp-image-75739\" alt=\"Beautiful Curly Female Freelancer With Cute Manicure Using Laptop And Smiling Indoor Portrait Of Blonde Secretary Sitting Beside African Coworker In Blue Shirt\" src=\"https:\/\/eiposgrados.com\/wp-content\/uploads\/2023\/01\/beautiful-curly-female-freelancer-with-cute-manicure-using-laptop-and-smiling-indoor-portrait-of-blonde-secretary-sitting-beside-african-coworker-in-blue-shirt.jpg\" data-object-fit=\"cover\" title=\"\" srcset=\"https:\/\/eiposgrados.com\/wp-content\/uploads\/2023\/01\/beautiful-curly-female-freelancer-with-cute-manicure-using-laptop-and-smiling-indoor-portrait-of-blonde-secretary-sitting-beside-african-coworker-in-blue-shirt.jpg 1245w, https:\/\/eiposgrados.com\/wp-content\/uploads\/2023\/01\/beautiful-curly-female-freelancer-with-cute-manicure-using-laptop-and-smiling-indoor-portrait-of-blonde-secretary-sitting-beside-african-coworker-in-blue-shirt-300x200.jpg 300w, https:\/\/eiposgrados.com\/wp-content\/uploads\/2023\/01\/beautiful-curly-female-freelancer-with-cute-manicure-using-laptop-and-smiling-indoor-portrait-of-blonde-secretary-sitting-beside-african-coworker-in-blue-shirt-1024x683.jpg 1024w, https:\/\/eiposgrados.com\/wp-content\/uploads\/2023\/01\/beautiful-curly-female-freelancer-with-cute-manicure-using-laptop-and-smiling-indoor-portrait-of-blonde-secretary-sitting-beside-african-coworker-in-blue-shirt-768x512.jpg 768w, https:\/\/eiposgrados.com\/wp-content\/uploads\/2023\/01\/beautiful-curly-female-freelancer-with-cute-manicure-using-laptop-and-smiling-indoor-portrait-of-blonde-secretary-sitting-beside-african-coworker-in-blue-shirt-248x165.jpg 248w, https:\/\/eiposgrados.com\/wp-content\/uploads\/2023\/01\/beautiful-curly-female-freelancer-with-cute-manicure-using-laptop-and-smiling-indoor-portrait-of-blonde-secretary-sitting-beside-african-coworker-in-blue-shirt-123x82.jpg 123w, https:\/\/eiposgrados.com\/wp-content\/uploads\/2023\/01\/beautiful-curly-female-freelancer-with-cute-manicure-using-laptop-and-smiling-indoor-portrait-of-blonde-secretary-sitting-beside-african-coworker-in-blue-shirt-500x333.jpg 500w, https:\/\/eiposgrados.com\/wp-content\/uploads\/2023\/01\/beautiful-curly-female-freelancer-with-cute-manicure-using-laptop-and-smiling-indoor-portrait-of-blonde-secretary-sitting-beside-african-coworker-in-blue-shirt-800x533.jpg 800w, https:\/\/eiposgrados.com\/wp-content\/uploads\/2023\/01\/beautiful-curly-female-freelancer-with-cute-manicure-using-laptop-and-smiling-indoor-portrait-of-blonde-secretary-sitting-beside-african-coworker-in-blue-shirt-200x133.jpg 200w\" sizes=\"(max-width: 1245px) 100vw, 1245px\" \/><div class=\"wp-block-cover__inner-container is-layout-flow wp-block-cover-is-layout-flow\">\n<div style=\"height:100px\" aria-hidden=\"true\" class=\"wp-block-spacer\"><\/div>\n<\/div><\/div>\n<\/div>\n\n\n\n<div class=\"wp-block-column is-vertically-aligned-center is-layout-flow wp-block-column-is-layout-flow\"><div class=\"gb-container gb-container-b4abc1df\"><div class=\"gb-inside-container\">\n\n<h1 class=\"gb-headline gb-headline-5e0dc9c0 gb-headline-text\" data-aos=\"fade\" data-aos-duration=\"1000\"><strong>Visi\u00f3n<\/strong><\/h1>\n\n\n\n<p data-aos=\"fade\">EIP es una escuela dirigida a aquellas personas, con la formaci\u00f3n previa adecuada,&nbsp;<strong>que conciben el aprendizaje como una forma de vida<\/strong>, se muestran abiertos al mundo y est\u00e1n dispuestas a dar el salto al mundo laboral, iniciando un proceso de transformaci\u00f3n con&nbsp;<strong>un posgrado que da respuestas a necesidades actuales de empresas<\/strong>&nbsp;en los principales mercados de Espa\u00f1a y Latinoam\u00e9rica.<\/p>\n\n\n\n<p data-aos=\"fade\">Ponemos a tu disposici\u00f3n una comunidad donde encontrar\u00e1s apoyo continuo, en la que el saber hacer est\u00e1 por encima del conocimiento te\u00f3rico y en la que alumnado y profesorado interact\u00faan continuamente en el proceso de aprendizaje.<\/p>\n\n<\/div><\/div><\/div>\n<\/div>\n<\/div><\/div>\n\n\n\n<div class=\"wp-block-group alignfull\"><div class=\"wp-block-group__inner-container is-layout-constrained wp-block-group-is-layout-constrained\">\n<div class=\"wp-block-columns are-vertically-aligned-center is-layout-flex wp-container-core-columns-is-layout-9d6595d7 wp-block-columns-is-layout-flex\">\n<div class=\"wp-block-column is-vertically-aligned-center is-layout-flow wp-block-column-is-layout-flow\"><div class=\"gb-container gb-container-1b312557\"><div class=\"gb-inside-container\">\n\n<h1 class=\"gb-headline gb-headline-9862f7e1 gb-headline-text\" data-aos=\"fade\" data-aos-duration=\"1000\"><strong>Valores<\/strong><\/h1>\n\n\n\n<p data-aos=\"fade\"><strong>Los valores que gu\u00edan<\/strong>&nbsp;la EIP International Business School son:<\/p>\n\n\n\n<ul class=\"wp-block-list\" data-aos=\"fade\">\n<li>Compromiso con nuestro alumnado para mejorar su empleabilidad.<\/li>\n\n\n\n<li>Ofrecer siempre una atenci\u00f3n individualizada y personalizada al alumnado.<\/li>\n\n\n\n<li>Mantener una oferta de posgrados actualizada seg\u00fan las necesidades de las empresas.<\/li>\n\n\n\n<li>Permanecer en contacto permanente con las empresas para conocer sus necesidades.<\/li>\n\n\n\n<li>Fomento e impulso de la movilidad geogr\u00e1fica del alumnado.<\/li>\n\n\n\n<li>Innovaci\u00f3n constante en herramientas TIC aplicadas a la formaci\u00f3n.<\/li>\n\n\n\n<li><a href=\"https:\/\/grupomainjobs.com\/objetivos-de-desarrollo-sostenible\/\" target=\"_blank\" rel=\"noopener\">Compromiso con la sostenibilidad<\/a>.<\/li>\n<\/ul>\n\n<\/div><\/div><\/div>\n\n\n\n<div class=\"wp-block-column is-vertically-aligned-center is-layout-flow wp-block-column-is-layout-flow\">\n<div class=\"wp-block-cover is-light block-visibility-hide-small-screen\"><span aria-hidden=\"true\" class=\"wp-block-cover__background has-background-dim-0 has-background-dim\"><\/span><img loading=\"lazy\" decoding=\"async\" width=\"1200\" height=\"800\" class=\"wp-block-cover__image-background wp-image-76699\" alt=\"Teletrabajo Tributaci\u00f3n\" src=\"https:\/\/eiposgrados.com\/wp-content\/uploads\/2023\/01\/teletrabajo-tributacion.jpg\" data-object-fit=\"cover\" title=\"\" srcset=\"https:\/\/eiposgrados.com\/wp-content\/uploads\/2023\/01\/teletrabajo-tributacion.jpg 1200w, https:\/\/eiposgrados.com\/wp-content\/uploads\/2023\/01\/teletrabajo-tributacion-300x200.jpg 300w, https:\/\/eiposgrados.com\/wp-content\/uploads\/2023\/01\/teletrabajo-tributacion-1024x683.jpg 1024w, https:\/\/eiposgrados.com\/wp-content\/uploads\/2023\/01\/teletrabajo-tributacion-768x512.jpg 768w, https:\/\/eiposgrados.com\/wp-content\/uploads\/2023\/01\/teletrabajo-tributacion-248x165.jpg 248w, https:\/\/eiposgrados.com\/wp-content\/uploads\/2023\/01\/teletrabajo-tributacion-123x82.jpg 123w, https:\/\/eiposgrados.com\/wp-content\/uploads\/2023\/01\/teletrabajo-tributacion-500x333.jpg 500w, https:\/\/eiposgrados.com\/wp-content\/uploads\/2023\/01\/teletrabajo-tributacion-800x533.jpg 800w, https:\/\/eiposgrados.com\/wp-content\/uploads\/2023\/01\/teletrabajo-tributacion-200x133.jpg 200w\" sizes=\"(max-width: 1200px) 100vw, 1200px\" \/><div class=\"wp-block-cover__inner-container is-layout-flow wp-block-cover-is-layout-flow\">\n<div style=\"height:100px\" aria-hidden=\"true\" class=\"wp-block-spacer\"><\/div>\n<\/div><\/div>\n<\/div>\n<\/div>\n<\/div><\/div>\n\n\n<div class=\"gb-container gb-container-7dcbb3f4\"><div class=\"gb-inside-container\">\n<div data-aos-duration=\"1000\" data-aos=\"fade\" class=\"gb-grid-wrapper gb-grid-wrapper-69b9e666\">\n<div class=\"gb-grid-column gb-grid-column-bb34e5e1\"><div class=\"gb-container gb-container-bb34e5e1\"><div class=\"gb-inside-container\">\n<div class=\"wp-block-image is-resized\">\n<figure class=\"aligncenter size-large\"><img loading=\"lazy\" decoding=\"async\" width=\"228\" height=\"228\" src=\"https:\/\/eiposgrados.com\/wp-content\/uploads\/2021\/08\/acceso.svg\" alt=\"Acceso\" class=\"wp-image-40759\" style=\"object-fit:cover;width:36px;height:36px\" title=\"\"><\/figure>\n<\/div>\n\n\n<h2 class=\"gb-headline gb-headline-e31ca046 gb-headline-text\">Empleo garantizado<\/h2>\n\n<\/div><\/div><\/div>\n\n<div class=\"gb-grid-column gb-grid-column-a6788fc6\"><div class=\"gb-container gb-container-a6788fc6\"><div class=\"gb-inside-container\">\n<div class=\"wp-block-image is-resized\">\n<figure class=\"aligncenter size-large\"><img loading=\"lazy\" decoding=\"async\" width=\"228\" height=\"228\" src=\"https:\/\/eiposgrados.com\/wp-content\/uploads\/2021\/08\/clases.svg\" alt=\"Clases\" class=\"wp-image-40760\" style=\"object-fit:cover;width:36px;height:36px\" title=\"\"><\/figure>\n<\/div>\n\n\n<h2 class=\"gb-headline gb-headline-6b053216 gb-headline-text\">Clases online<br>en directo<\/h2>\n\n<\/div><\/div><\/div>\n\n<div class=\"gb-grid-column gb-grid-column-98846b89\"><div class=\"gb-container gb-container-98846b89\"><div class=\"gb-inside-container\">\n<div class=\"wp-block-image is-resized\">\n<figure class=\"aligncenter size-large\"><img loading=\"lazy\" decoding=\"async\" width=\"228\" height=\"228\" src=\"https:\/\/eiposgrados.com\/wp-content\/uploads\/2021\/08\/tutores.svg\" alt=\"Tutores\" class=\"wp-image-40761\" style=\"object-fit:cover;width:36px;height:36px\" title=\"\"><\/figure>\n<\/div>\n\n\n<h2 class=\"gb-headline gb-headline-5e72484d gb-headline-text\">Tutores\/as<br>personales<\/h2>\n\n<\/div><\/div><\/div>\n\n<div class=\"gb-grid-column gb-grid-column-896aa99c\"><div class=\"gb-container gb-container-896aa99c\"><div class=\"gb-inside-container\">\n<div class=\"wp-block-image is-resized\">\n<figure class=\"aligncenter size-large\"><img loading=\"lazy\" decoding=\"async\" width=\"240\" height=\"240\" src=\"https:\/\/eiposgrados.com\/wp-content\/uploads\/2021\/08\/posgrados.svg\" alt=\"Posgrados\" class=\"wp-image-40762\" style=\"object-fit:cover;width:36px;height:36px\" title=\"\"><\/figure>\n<\/div>\n\n\n<h2 class=\"gb-headline gb-headline-2b0e5a79 gb-headline-text\">M\u00e1steres<br>en 12 pa\u00edses<\/h2>\n\n<\/div><\/div><\/div>\n<\/div>\n<\/div><\/div>\n\n<div class=\"gb-container gb-container-c68e3408 alignfull\"><div class=\"gb-inside-container\">\n<div class=\"gb-grid-wrapper gb-grid-wrapper-42d528e8\">\n<div class=\"gb-grid-column gb-grid-column-147f576f\"><div class=\"gb-container gb-container-147f576f\"><div class=\"gb-inside-container\">\n<div class=\"gb-container gb-container-bd8c14f3\"><div class=\"gb-inside-container\">\n<div class=\"gb-grid-wrapper gb-grid-wrapper-513f3048\">\n<div class=\"gb-grid-column gb-grid-column-16997048\"><div class=\"gb-container gb-container-16997048\"><div class=\"gb-inside-container\">\n<div class=\"gb-button-wrapper gb-button-wrapper-3bf6a750\">\n\n<a class=\"gb-button gb-button-676b644e\" href=\"mailto:info@eiposgrados.com\"><span class=\"gb-icon\"><svg aria-hidden=\"true\" role=\"img\" height=\"1em\" width=\"1em\" viewBox=\"0 0 512 512\" xmlns=\"http:\/\/www.w3.org\/2000\/svg\"><path fill=\"currentColor\" d=\"M464 64H48C21.49 64 0 85.49 0 112v288c0 26.51 21.49 48 48 48h416c26.51 0 48-21.49 48-48V112c0-26.51-21.49-48-48-48zm0 48v40.805c-22.422 18.259-58.168 46.651-134.587 106.49-16.841 13.247-50.201 45.072-73.413 44.701-23.208.375-56.579-31.459-73.413-44.701C106.18 199.465 70.425 171.067 48 152.805V112h416zM48 400V214.398c22.914 18.251 55.409 43.862 104.938 82.646 21.857 17.205 60.134 55.186 103.062 54.955 42.717.231 80.509-37.199 103.053-54.947 49.528-38.783 82.032-64.401 104.947-82.653V400H48z\"><\/path><\/svg><\/span><span class=\"gb-button-text\"><strong>info@eiposgrados.com<\/strong><\/span><\/a>\n\n<\/div>\n<\/div><\/div><\/div>\n\n<div class=\"gb-grid-column gb-grid-column-b1b086f3\"><div class=\"gb-container gb-container-b1b086f3\"><div class=\"gb-inside-container\">\n<div class=\"gb-button-wrapper gb-button-wrapper-b6364f95\">\n\n<a class=\"gb-button gb-button-358a5822\" href=\"tel:+34678848513\"><span class=\"gb-icon\"><svg aria-hidden=\"true\" role=\"img\" height=\"1em\" width=\"1em\" viewBox=\"0 0 448 512\" xmlns=\"http:\/\/www.w3.org\/2000\/svg\"><path fill=\"currentColor\" d=\"M380.9 97.1C339 55.1 283.2 32 223.9 32c-122.4 0-222 99.6-222 222 0 39.1 10.2 77.3 29.6 111L0 480l117.7-30.9c32.4 17.7 68.9 27 106.1 27h.1c122.3 0 224.1-99.6 224.1-222 0-59.3-25.2-115-67.1-157zm-157 341.6c-33.2 0-65.7-8.9-94-25.7l-6.7-4-69.8 18.3L72 359.2l-4.4-7c-18.5-29.4-28.2-63.3-28.2-98.2 0-101.7 82.8-184.5 184.6-184.5 49.3 0 95.6 19.2 130.4 54.1 34.8 34.9 56.2 81.2 56.1 130.5 0 101.8-84.9 184.6-186.6 184.6zm101.2-138.2c-5.5-2.8-32.8-16.2-37.9-18-5.1-1.9-8.8-2.8-12.5 2.8-3.7 5.6-14.3 18-17.6 21.8-3.2 3.7-6.5 4.2-12 1.4-32.6-16.3-54-29.1-75.5-66-5.7-9.8 5.7-9.1 16.3-30.3 1.8-3.7.9-6.9-.5-9.7-1.4-2.8-12.5-30.1-17.1-41.2-4.5-10.8-9.1-9.3-12.5-9.5-3.2-.2-6.9-.2-10.6-.2-3.7 0-9.7 1.4-14.8 6.9-5.1 5.6-19.4 19-19.4 46.3 0 27.3 19.9 53.7 22.6 57.4 2.8 3.7 39.1 59.7 94.8 83.8 35.2 15.2 49 16.5 66.6 13.9 10.7-1.6 32.8-13.4 37.4-26.4 4.6-13 4.6-24.1 3.2-26.4-1.3-2.5-5-3.9-10.5-6.6z\"><\/path><\/svg><\/span><span class=\"gb-button-text\"><strong>+34 678 848 513<\/strong><\/span><\/a>\n\n<\/div>\n<\/div><\/div><\/div>\n\n<div class=\"gb-grid-column gb-grid-column-6f3e9984\"><div class=\"gb-container gb-container-6f3e9984\"><div class=\"gb-inside-container\">\n<div class=\"gb-button-wrapper gb-button-wrapper-26329924\">\n\n<a class=\"gb-button gb-button-bcccc8a6\" href=\"tel:+34900812816\"><span class=\"gb-icon\"><svg aria-hidden=\"true\" role=\"img\" height=\"1em\" width=\"1em\" viewBox=\"0 0 448 512\" xmlns=\"http:\/\/www.w3.org\/2000\/svg\"><path fill=\"currentColor\" d=\"M380.9 97.1C339 55.1 283.2 32 223.9 32c-122.4 0-222 99.6-222 222 0 39.1 10.2 77.3 29.6 111L0 480l117.7-30.9c32.4 17.7 68.9 27 106.1 27h.1c122.3 0 224.1-99.6 224.1-222 0-59.3-25.2-115-67.1-157zm-157 341.6c-33.2 0-65.7-8.9-94-25.7l-6.7-4-69.8 18.3L72 359.2l-4.4-7c-18.5-29.4-28.2-63.3-28.2-98.2 0-101.7 82.8-184.5 184.6-184.5 49.3 0 95.6 19.2 130.4 54.1 34.8 34.9 56.2 81.2 56.1 130.5 0 101.8-84.9 184.6-186.6 184.6zm101.2-138.2c-5.5-2.8-32.8-16.2-37.9-18-5.1-1.9-8.8-2.8-12.5 2.8-3.7 5.6-14.3 18-17.6 21.8-3.2 3.7-6.5 4.2-12 1.4-32.6-16.3-54-29.1-75.5-66-5.7-9.8 5.7-9.1 16.3-30.3 1.8-3.7.9-6.9-.5-9.7-1.4-2.8-12.5-30.1-17.1-41.2-4.5-10.8-9.1-9.3-12.5-9.5-3.2-.2-6.9-.2-10.6-.2-3.7 0-9.7 1.4-14.8 6.9-5.1 5.6-19.4 19-19.4 46.3 0 27.3 19.9 53.7 22.6 57.4 2.8 3.7 39.1 59.7 94.8 83.8 35.2 15.2 49 16.5 66.6 13.9 10.7-1.6 32.8-13.4 37.4-26.4 4.6-13 4.6-24.1 3.2-26.4-1.3-2.5-5-3.9-10.5-6.6z\"><\/path><\/svg><\/span><span class=\"gb-button-text\"><strong>+34 900 812 816<\/strong><\/span><\/a>\n\n<\/div>\n<\/div><\/div><\/div>\n<\/div>\n<\/div><\/div>\n<\/div><\/div><\/div>\n\n<div class=\"gb-grid-column gb-grid-column-5247ea41\"><div class=\"gb-container gb-container-5247ea41\"><div class=\"gb-inside-container\">\n\n<h2 class=\"gb-headline gb-headline-c8f52279 gb-headline-text\">Convi\u00e9rtete en el\/la profesional que quieren las empresas<\/h2>\n\n\n<div class=\"gb-button-wrapper gb-button-wrapper-6a3c02f6\">\n\n<a class=\"gb-button gb-button-8ca87029 gb-button-text\" href=\"https:\/\/eiposgrados.com\/somos-escuela\/empresas-colaboradoras\/\"><strong>VER EMPRESAS COLABORADORAS<\/strong><\/a>\n\n<\/div>\n<\/div><\/div><\/div>\n<\/div>\n<\/div><\/div>\n\n\n<style>\n.site-main .wp-block-group__inner-container {\n    padding: 0;\n}\n\n.entry-content > [class*=\"wp-block-\"]:not(:last-child) {\n    margin-bottom: 0;\n}\n\n:where(.wp-block-columns.is-layout-flex) {\n    gap: 0em;\n}\n\n.wp-block-columns {\n    margin-bottom: 0;\n}\n\n.inside-article a {\n    color: #1350c5!important;\n}\n\n.entry-content > [class*=\"wp-block-\"]:not(:last-child):not(.wp-block-heading) {\n    margin-bottom: 0;\n}\n<\/style>\n","protected":false},"excerpt":{"rendered":"<p>Mission At the EIP International Business School we have acquired the commitment to offer qualified young people a training experience that allows them to develop the skills that\u2026 <a title=\"Mission, vision and values at EIP\" class=\"read-more\" href=\"https:\/\/eiposgrados.com\/eng\/mision-y-valores\/\" aria-label=\"Read more about Mission, vision and values at EIP\">Read more<\/a><\/p>","protected":false},"author":2,"featured_media":0,"parent":0,"menu_order":0,"comment_status":"closed","ping_status":"closed","template":"","meta":{"inline_featured_image":false,"footnotes":""},"class_list":["post-837","page","type-page","status-publish"],"acf":[],"_links":{"self":[{"href":"https:\/\/eiposgrados.com\/eng\/wp-json\/wp\/v2\/pages\/837","targetHints":{"allow":["GET"]}}],"collection":[{"href":"https:\/\/eiposgrados.com\/eng\/wp-json\/wp\/v2\/pages"}],"about":[{"href":"https:\/\/eiposgrados.com\/eng\/wp-json\/wp\/v2\/types\/page"}],"author":[{"embeddable":true,"href":"https:\/\/eiposgrados.com\/eng\/wp-json\/wp\/v2\/users\/2"}],"replies":[{"embeddable":true,"href":"https:\/\/eiposgrados.com\/eng\/wp-json\/wp\/v2\/comments?post=837"}],"version-history":[{"count":0,"href":"https:\/\/eiposgrados.com\/eng\/wp-json\/wp\/v2\/pages\/837\/revisions"}],"wp:attachment":[{"href":"https:\/\/eiposgrados.com\/eng\/wp-json\/wp\/v2\/media?parent=837"}],"curies":[{"name":"wp","href":"https:\/\/api.w.org\/{rel}","templated":true}]}}