{"id":98199,"date":"2024-07-23T16:45:42","date_gmt":"2024-07-23T14:45:42","guid":{"rendered":"https:\/\/eiposgrados.com\/?post_type=evento&#038;p=98199"},"modified":"2024-12-05T12:08:04","modified_gmt":"2024-12-05T11:08:04","slug":"works-in-hr-professional-opportunities-that-are-trending-in-the-sector-55","status":"publish","type":"evento","link":"https:\/\/eiposgrados.com\/eng\/eventos\/clausura-de-promocion-rrhh-edicion-35\/","title":{"rendered":"Promotion Closing: HR Edition 35"},"content":{"rendered":"<h2 class=\"wp-block-heading\"><span style=\"text-decoration: underline\"><strong>Description :<\/strong><\/span><\/h2>\n\n\n<div class=\"gb-container gb-container-ed3d7933\" id=\"Descripci\u00f3n\">\n\n<p>We&#039;ve concluded the 35th edition of the Professional Master&#039;s Degree in HR: People Management, Talent Development, and Workforce Management! Together, we close out this exciting stage of your professional career and celebrate what&#039;s to come.<\/p>\n\n\n\n<figure class=\"wp-block-image size-large\"><img fetchpriority=\"high\" decoding=\"async\" width=\"1024\" height=\"576\" src=\"https:\/\/eiposgrados.com\/wp-content\/uploads\/2024\/07\/clausura-rrhh-2-1024x576.png\" alt=\"\" class=\"wp-image-98338\" title=\"\" srcset=\"https:\/\/eiposgrados.com\/wp-content\/uploads\/2024\/07\/clausura-rrhh-2-1024x576.png 1024w, https:\/\/eiposgrados.com\/wp-content\/uploads\/2024\/07\/clausura-rrhh-2-300x169.png 300w, https:\/\/eiposgrados.com\/wp-content\/uploads\/2024\/07\/clausura-rrhh-2-768x432.png 768w, https:\/\/eiposgrados.com\/wp-content\/uploads\/2024\/07\/clausura-rrhh-2-293x165.png 293w, https:\/\/eiposgrados.com\/wp-content\/uploads\/2024\/07\/clausura-rrhh-2-123x69.png 123w, https:\/\/eiposgrados.com\/wp-content\/uploads\/2024\/07\/clausura-rrhh-2-1536x864.png 1536w, https:\/\/eiposgrados.com\/wp-content\/uploads\/2024\/07\/clausura-rrhh-2-18x10.png 18w, https:\/\/eiposgrados.com\/wp-content\/uploads\/2024\/07\/clausura-rrhh-2-500x281.png 500w, https:\/\/eiposgrados.com\/wp-content\/uploads\/2024\/07\/clausura-rrhh-2-800x450.png 800w, https:\/\/eiposgrados.com\/wp-content\/uploads\/2024\/07\/clausura-rrhh-2-1280x720.png 1280w, https:\/\/eiposgrados.com\/wp-content\/uploads\/2024\/07\/clausura-rrhh-2-200x113.png 200w, https:\/\/eiposgrados.com\/wp-content\/uploads\/2024\/07\/clausura-rrhh-2.png 1920w\" sizes=\"(max-width: 1024px) 100vw, 1024px\" \/><\/figure>\n\n\n\n<div style=\"height:15px\" aria-hidden=\"true\" class=\"wp-block-spacer\"><\/div>\n\n\n\n<h2 class=\"wp-block-heading\"><span style=\"text-decoration: underline\"><strong>Agenda:<\/strong><\/span><\/h2>\n\n\n\n<p><strong>Welcome and Thanks:<\/strong> Opening of the event with words of welcome and thanks.<\/p>\n\n\n\n<p><strong>Closing Speech:<\/strong> Reflections on the academic year that is coming to an end, by a distinguished guest speaker.<\/p>\n\n\n\n<p><strong>Interventions of the Academic Team:<\/strong> Remarks from the master&#039;s professors and coordinators, highlighting the students&#039; achievements and development.<\/p>\n\n\n\n<p><strong>Student Testimonials:<\/strong> Space where some students will share their experiences and learnings during the master&#039;s degree.<\/p>\n\n\n\n<p><strong>Virtual Diploma Delivery:<\/strong> Symbolic recognition of the effort and dedication of each student.<\/p>\n\n\n\n<p><strong>Closing and Farewell:<\/strong> Final farewell message and wishes for success in the students&#039; future professional careers.<\/p>\n\n\n\n<p><a href=\"https:\/\/eiposgrados.com\/eng\/dpo-blog\/\" data-type=\"link\" data-id=\"https:\/\/eiposgrados.com\/blog-rrhh\/\"><\/a><\/p>\n\n<\/div>","protected":false},"excerpt":{"rendered":"<p>Descripci\u00f3n : \u00a1Damos por finalizada la edici\u00f3n n\u00ba 35 del M\u00e1ster Profesional en RRHH: Direcci\u00f3n de Personas, Desarrollo de Talento y Gesti\u00f3n Laboral! Cerramos juntos &#8230; <a title=\"Promotion Closing: HR Edition 35\" class=\"read-more\" href=\"https:\/\/eiposgrados.com\/eng\/eventos\/clausura-de-promocion-rrhh-edicion-35\/\" aria-label=\"Read more about Clausura de Promoci\u00f3n: RRHH Edici\u00f3n 35\">Read more<\/a><\/p>","protected":false},"featured_media":98338,"template":"","area_evento":[1083],"class_list":["post-98199","evento","type-evento","status-publish","has-post-thumbnail","hentry","area_evento-recursos-humanos-y-gestion-laboral"],"acf":[],"_links":{"self":[{"href":"https:\/\/eiposgrados.com\/eng\/wp-json\/wp\/v2\/evento\/98199","targetHints":{"allow":["GET"]}}],"collection":[{"href":"https:\/\/eiposgrados.com\/eng\/wp-json\/wp\/v2\/evento"}],"about":[{"href":"https:\/\/eiposgrados.com\/eng\/wp-json\/wp\/v2\/types\/evento"}],"version-history":[{"count":0,"href":"https:\/\/eiposgrados.com\/eng\/wp-json\/wp\/v2\/evento\/98199\/revisions"}],"wp:featuredmedia":[{"embeddable":true,"href":"https:\/\/eiposgrados.com\/eng\/wp-json\/wp\/v2\/media\/98338"}],"wp:attachment":[{"href":"https:\/\/eiposgrados.com\/eng\/wp-json\/wp\/v2\/media?parent=98199"}],"wp:term":[{"taxonomy":"area_evento","embeddable":true,"href":"https:\/\/eiposgrados.com\/eng\/wp-json\/wp\/v2\/area_evento?post=98199"}],"curies":[{"name":"wp","href":"https:\/\/api.w.org\/{rel}","templated":true}]}}

<h2 class="wp-block-heading"><span style="text-decoration: underline"><strong>Description :</strong></span></h2>


<div class="gb-container gb-container-ed3d7933" id="Descripción">

<p>We&#039;ve concluded the 35th edition of the Professional Master&#039;s Degree in HR: People Management, Talent Development, and Workforce Management! Together, we close out this exciting stage of your professional career and celebrate what&#039;s to come.</p>



<figure class="wp-block-image size-large"><img fetchpriority="high" decoding="async" width="1024" height="576" src="https://eiposgrados.com/wp-content/uploads/2024/07/clausura-rrhh-2-1024x576.png" alt="" class="wp-image-98338" title="" srcset="https://eiposgrados.com/wp-content/uploads/2024/07/clausura-rrhh-2-1024x576.png 1024w, https://eiposgrados.com/wp-content/uploads/2024/07/clausura-rrhh-2-300x169.png 300w, https://eiposgrados.com/wp-content/uploads/2024/07/clausura-rrhh-2-768x432.png 768w, https://eiposgrados.com/wp-content/uploads/2024/07/clausura-rrhh-2-293x165.png 293w, https://eiposgrados.com/wp-content/uploads/2024/07/clausura-rrhh-2-123x69.png 123w, https://eiposgrados.com/wp-content/uploads/2024/07/clausura-rrhh-2-1536x864.png 1536w, https://eiposgrados.com/wp-content/uploads/2024/07/clausura-rrhh-2-18x10.png 18w, https://eiposgrados.com/wp-content/uploads/2024/07/clausura-rrhh-2-500x281.png 500w, https://eiposgrados.com/wp-content/uploads/2024/07/clausura-rrhh-2-800x450.png 800w, https://eiposgrados.com/wp-content/uploads/2024/07/clausura-rrhh-2-1280x720.png 1280w, https://eiposgrados.com/wp-content/uploads/2024/07/clausura-rrhh-2-200x113.png 200w, https://eiposgrados.com/wp-content/uploads/2024/07/clausura-rrhh-2.png 1920w" sizes="(max-width: 1024px) 100vw, 1024px" /></figure>



<div style="height:15px" aria-hidden="true" class="wp-block-spacer"></div>



<h2 class="wp-block-heading"><span style="text-decoration: underline"><strong>Agenda:</strong></span></h2>



<p><strong>Welcome and Thanks:</strong> Opening of the event with words of welcome and thanks.</p>



<p><strong>Closing Speech:</strong> Reflections on the academic year that is coming to an end, by a distinguished guest speaker.</p>



<p><strong>Interventions of the Academic Team:</strong> Remarks from the master&#039;s professors and coordinators, highlighting the students&#039; achievements and development.</p>



<p><strong>Student Testimonials:</strong> Space where some students will share their experiences and learnings during the master&#039;s degree.</p>



<p><strong>Virtual Diploma Delivery:</strong> Symbolic recognition of the effort and dedication of each student.</p>



<p><strong>Closing and Farewell:</strong> Final farewell message and wishes for success in the students&#039; future professional careers.</p>



<p><a href="https://eiposgrados.com/eng/dpo-blog/" data-type="link" data-id="https://eiposgrados.com/blog-rrhh/"></a></p>

</div>

<p>Descripción : ¡Damos por finalizada la edición nº 35 del Máster Profesional en RRHH: Dirección de Personas, Desarrollo de Talento y Gestión Laboral! Cerramos juntos &#8230; <a title="Promotion Closing: HR Edition 35" class="read-more" href="https://eiposgrados.com/eng/eventos/clausura-de-promocion-rrhh-edicion-35/" aria-label="Read more about Clausura de Promoción: RRHH Edición 35">Read more</a></p>
