{"id":98187,"date":"2024-07-23T14:20:47","date_gmt":"2024-07-23T12:20:47","guid":{"rendered":"https:\/\/eiposgrados.com\/?post_type=evento&#038;p=98187"},"modified":"2024-08-23T10:41:30","modified_gmt":"2024-08-23T08:41:30","slug":"works-in-hr-professional-opportunities-that-are-trending-in-the-sector-49","status":"publish","type":"evento","link":"https:\/\/eiposgrados.com\/eng\/eventos\/inicio-de-promocion-rrhh-edicion-36\/","title":{"rendered":"Start of Promotion: HR Edition 36"},"content":{"rendered":"<div class=\"gb-container gb-container-ed3d7933\" id=\"Descripci\u00f3n\">\n\n<h2 class=\"wp-block-heading\"><strong><span style=\"text-decoration: underline\"><strong><span style=\"text-decoration: underline\">Description :<\/span><\/strong><\/span><\/strong><\/h2>\n\n\n\n<p>Welcome to the 36th edition of our Professional Master&#039;s Degree in HR: People Management, Talent Development, and Labor Management<strong>\u200b<\/strong>We&#039;re delighted to celebrate this opening ceremony with you! On this special occasion, you&#039;ll meet both the EIP team and your new colleagues.&nbsp;<\/p>\n\n\n\n<figure class=\"wp-block-image size-large\"><img fetchpriority=\"high\" decoding=\"async\" width=\"1024\" height=\"576\" src=\"https:\/\/eiposgrados.com\/wp-content\/uploads\/2024\/07\/bienvenida-rrhh-1024x576.png\" alt=\"\" class=\"wp-image-98314\" title=\"\" srcset=\"https:\/\/eiposgrados.com\/wp-content\/uploads\/2024\/07\/bienvenida-rrhh-1024x576.png 1024w, https:\/\/eiposgrados.com\/wp-content\/uploads\/2024\/07\/bienvenida-rrhh-300x169.png 300w, https:\/\/eiposgrados.com\/wp-content\/uploads\/2024\/07\/bienvenida-rrhh-768x432.png 768w, https:\/\/eiposgrados.com\/wp-content\/uploads\/2024\/07\/bienvenida-rrhh-293x165.png 293w, https:\/\/eiposgrados.com\/wp-content\/uploads\/2024\/07\/bienvenida-rrhh-123x69.png 123w, https:\/\/eiposgrados.com\/wp-content\/uploads\/2024\/07\/bienvenida-rrhh-1536x864.png 1536w, https:\/\/eiposgrados.com\/wp-content\/uploads\/2024\/07\/bienvenida-rrhh-18x10.png 18w, https:\/\/eiposgrados.com\/wp-content\/uploads\/2024\/07\/bienvenida-rrhh-500x281.png 500w, https:\/\/eiposgrados.com\/wp-content\/uploads\/2024\/07\/bienvenida-rrhh-800x450.png 800w, https:\/\/eiposgrados.com\/wp-content\/uploads\/2024\/07\/bienvenida-rrhh-1280x720.png 1280w, https:\/\/eiposgrados.com\/wp-content\/uploads\/2024\/07\/bienvenida-rrhh-200x113.png 200w, https:\/\/eiposgrados.com\/wp-content\/uploads\/2024\/07\/bienvenida-rrhh.png 1920w\" sizes=\"(max-width: 1024px) 100vw, 1024px\" \/><\/figure>\n\n\n\n<div style=\"height:15px\" aria-hidden=\"true\" class=\"wp-block-spacer\"><\/div>\n\n\n\n<h2 class=\"wp-block-heading\"><strong><span style=\"text-decoration: underline\">Agenda:<\/span><\/strong><\/h2>\n\n\n\n<p><strong>Welcome and General Presentation of EIP<\/strong>: Introduction to EIP&#039;s mission, vision and values.<\/p>\n\n\n\n<p><strong>Master&#039;s Presentation<\/strong>: Details of the modules, objectives and benefits of the program.<\/p>\n\n\n\n<p><strong>Interaction with EIP Teams:<\/strong> Brief sessions where each team will explain their role and how they will help you throughout your training.<\/p>\n\n\n\n<p>This event is an excellent opportunity for you to familiarize yourself with EIP&#039;s academic environment, network with future professors and peers, and get off to a great start on your educational journey.<\/p>\n\n\n\n<p><a href=\"https:\/\/eiposgrados.com\/eng\/dpo-blog\/\" data-type=\"link\" data-id=\"https:\/\/eiposgrados.com\/blog-rrhh\/\"><\/a><\/p>\n\n<\/div>","protected":false},"excerpt":{"rendered":"<p>Descripci\u00f3n : Te damos la bienvenida a la edici\u00f3n n\u00ba 36 de nuestro M\u00e1ster Profesional en RRHH: Direcci\u00f3n de Personas, Desarrollo de Talento y Gesti\u00f3n &#8230; <a title=\"Start of Promotion: HR Edition 36\" class=\"read-more\" href=\"https:\/\/eiposgrados.com\/eng\/eventos\/inicio-de-promocion-rrhh-edicion-36\/\" aria-label=\"Read more about Inicio de Promoci\u00f3n: RRHH Edici\u00f3n 36\">Read more<\/a><\/p>","protected":false},"featured_media":98188,"template":"","area_evento":[1083],"class_list":["post-98187","evento","type-evento","status-publish","has-post-thumbnail","hentry","area_evento-recursos-humanos-y-gestion-laboral"],"acf":[],"_links":{"self":[{"href":"https:\/\/eiposgrados.com\/eng\/wp-json\/wp\/v2\/evento\/98187","targetHints":{"allow":["GET"]}}],"collection":[{"href":"https:\/\/eiposgrados.com\/eng\/wp-json\/wp\/v2\/evento"}],"about":[{"href":"https:\/\/eiposgrados.com\/eng\/wp-json\/wp\/v2\/types\/evento"}],"version-history":[{"count":0,"href":"https:\/\/eiposgrados.com\/eng\/wp-json\/wp\/v2\/evento\/98187\/revisions"}],"wp:featuredmedia":[{"embeddable":true,"href":"https:\/\/eiposgrados.com\/eng\/wp-json\/wp\/v2\/media\/98188"}],"wp:attachment":[{"href":"https:\/\/eiposgrados.com\/eng\/wp-json\/wp\/v2\/media?parent=98187"}],"wp:term":[{"taxonomy":"area_evento","embeddable":true,"href":"https:\/\/eiposgrados.com\/eng\/wp-json\/wp\/v2\/area_evento?post=98187"}],"curies":[{"name":"wp","href":"https:\/\/api.w.org\/{rel}","templated":true}]}}

<div class="gb-container gb-container-ed3d7933" id="Descripción">

<h2 class="wp-block-heading"><strong><span style="text-decoration: underline"><strong><span style="text-decoration: underline">Description :</span></strong></span></strong></h2>



<p>Welcome to the 36th edition of our Professional Master&#039;s Degree in HR: People Management, Talent Development, and Labor Management<strong>​</strong>We&#039;re delighted to celebrate this opening ceremony with you! On this special occasion, you&#039;ll meet both the EIP team and your new colleagues.&nbsp;</p>



<figure class="wp-block-image size-large"><img fetchpriority="high" decoding="async" width="1024" height="576" src="https://eiposgrados.com/wp-content/uploads/2024/07/bienvenida-rrhh-1024x576.png" alt="" class="wp-image-98314" title="" srcset="https://eiposgrados.com/wp-content/uploads/2024/07/bienvenida-rrhh-1024x576.png 1024w, https://eiposgrados.com/wp-content/uploads/2024/07/bienvenida-rrhh-300x169.png 300w, https://eiposgrados.com/wp-content/uploads/2024/07/bienvenida-rrhh-768x432.png 768w, https://eiposgrados.com/wp-content/uploads/2024/07/bienvenida-rrhh-293x165.png 293w, https://eiposgrados.com/wp-content/uploads/2024/07/bienvenida-rrhh-123x69.png 123w, https://eiposgrados.com/wp-content/uploads/2024/07/bienvenida-rrhh-1536x864.png 1536w, https://eiposgrados.com/wp-content/uploads/2024/07/bienvenida-rrhh-18x10.png 18w, https://eiposgrados.com/wp-content/uploads/2024/07/bienvenida-rrhh-500x281.png 500w, https://eiposgrados.com/wp-content/uploads/2024/07/bienvenida-rrhh-800x450.png 800w, https://eiposgrados.com/wp-content/uploads/2024/07/bienvenida-rrhh-1280x720.png 1280w, https://eiposgrados.com/wp-content/uploads/2024/07/bienvenida-rrhh-200x113.png 200w, https://eiposgrados.com/wp-content/uploads/2024/07/bienvenida-rrhh.png 1920w" sizes="(max-width: 1024px) 100vw, 1024px" /></figure>



<div style="height:15px" aria-hidden="true" class="wp-block-spacer"></div>



<h2 class="wp-block-heading"><strong><span style="text-decoration: underline">Agenda:</span></strong></h2>



<p><strong>Welcome and General Presentation of EIP</strong>: Introduction to EIP&#039;s mission, vision and values.</p>



<p><strong>Master&#039;s Presentation</strong>: Details of the modules, objectives and benefits of the program.</p>



<p><strong>Interaction with EIP Teams:</strong> Brief sessions where each team will explain their role and how they will help you throughout your training.</p>



<p>This event is an excellent opportunity for you to familiarize yourself with EIP&#039;s academic environment, network with future professors and peers, and get off to a great start on your educational journey.</p>



<p><a href="https://eiposgrados.com/eng/dpo-blog/" data-type="link" data-id="https://eiposgrados.com/blog-rrhh/"></a></p>

</div>

<p>Descripción : Te damos la bienvenida a la edición nº 36 de nuestro Máster Profesional en RRHH: Dirección de Personas, Desarrollo de Talento y Gestión &#8230; <a title="Start of Promotion: HR Edition 36" class="read-more" href="https://eiposgrados.com/eng/eventos/inicio-de-promocion-rrhh-edicion-36/" aria-label="Read more about Inicio de Promoción: RRHH Edición 36">Read more</a></p>
