{"id":95951,"date":"2024-02-12T09:30:55","date_gmt":"2024-02-12T08:30:55","guid":{"rendered":"https:\/\/eiposgrados.com\/?post_type=evento&#038;p=95951"},"modified":"2024-03-01T09:42:44","modified_gmt":"2024-03-01T08:42:44","slug":"the-profession-of-social-graduate-essential-for-hr-management-in-smes-4","status":"publish","type":"evento","link":"https:\/\/eiposgrados.com\/eng\/eventos\/cuestiones-practicas-de-los-rrhh-con-la-administracion-publica-inspeccion-de-trabajo-sepe-y-tgss-sesion-ii\/","title":{"rendered":"Practical issues of HR with the Public Administration: labor inspection, SEPE and TGSS. Session II"},"content":{"rendered":"<div class=\"gb-container gb-container-ed3d7933\" id=\"Descripci\u00f3n\">\n\n<h2 class=\"gb-headline gb-headline-a9e1ab3c gb-headline-text alturaLinea\"><strong>Description of <span style=\"background-image: linear-gradient(195deg,#f1c434,#fff06b);background-position: 9px bottom;background-size: 100% 17px;border-radius: 110px\"><strong><strong>EIP Talks<\/strong>: <\/strong><\/span><\/strong><\/h2>\n\n\n\n<p class=\"gb-headline gb-headline-99cc166f gb-headline-text\">We will analyze the impact on unemployment benefits for affected workers of various HR management positions and the communication of these issues to the managing entity.<\/p>\n\n\n\n<p class=\"gb-headline gb-headline-97519940 gb-headline-text\">We will learn about the impact on unemployment benefits and how to report various HR management incidents to the SEPE.<\/p>\n\n\n\n<p class=\"gb-headline gb-headline-fe5f975e gb-headline-text\"><strong>Speaker: <strong>Alfredo Mart\u00ednez-Otero Alemany<\/strong><br><\/strong>Provincial Deputy Director of Benefits in Malaga<\/p>\n\n<\/div>","protected":false},"excerpt":{"rendered":"<p>Descripci\u00f3n del EIP Talks: Analizaremos la incidencia en la protecci\u00f3n por desempleo de los trabajadores afectados de diversas figuras de gesti\u00f3n de RRHH y la &#8230; <a title=\"Practical issues of HR with the Public Administration: labor inspection, SEPE and TGSS. Session II\" class=\"read-more\" href=\"https:\/\/eiposgrados.com\/eng\/eventos\/cuestiones-practicas-de-los-rrhh-con-la-administracion-publica-inspeccion-de-trabajo-sepe-y-tgss-sesion-ii\/\" aria-label=\"Read more about Cuestiones pr\u00e1cticas de los RRHH con la Administraci\u00f3n P\u00fablica: inspecci\u00f3n de trabajo, SEPE y TGSS. Sesi\u00f3n II\">Read more<\/a><\/p>","protected":false},"featured_media":95941,"template":"","area_evento":[1083],"class_list":["post-95951","evento","type-evento","status-publish","has-post-thumbnail","hentry","area_evento-recursos-humanos-y-gestion-laboral"],"acf":[],"_links":{"self":[{"href":"https:\/\/eiposgrados.com\/eng\/wp-json\/wp\/v2\/evento\/95951","targetHints":{"allow":["GET"]}}],"collection":[{"href":"https:\/\/eiposgrados.com\/eng\/wp-json\/wp\/v2\/evento"}],"about":[{"href":"https:\/\/eiposgrados.com\/eng\/wp-json\/wp\/v2\/types\/evento"}],"version-history":[{"count":0,"href":"https:\/\/eiposgrados.com\/eng\/wp-json\/wp\/v2\/evento\/95951\/revisions"}],"wp:featuredmedia":[{"embeddable":true,"href":"https:\/\/eiposgrados.com\/eng\/wp-json\/wp\/v2\/media\/95941"}],"wp:attachment":[{"href":"https:\/\/eiposgrados.com\/eng\/wp-json\/wp\/v2\/media?parent=95951"}],"wp:term":[{"taxonomy":"area_evento","embeddable":true,"href":"https:\/\/eiposgrados.com\/eng\/wp-json\/wp\/v2\/area_evento?post=95951"}],"curies":[{"name":"wp","href":"https:\/\/api.w.org\/{rel}","templated":true}]}}

<div class="gb-container gb-container-ed3d7933" id="Descripción">

<h2 class="gb-headline gb-headline-a9e1ab3c gb-headline-text alturaLinea"><strong>Description of <span style="background-image: linear-gradient(195deg,#f1c434,#fff06b);background-position: 9px bottom;background-size: 100% 17px;border-radius: 110px"><strong><strong>EIP Talks</strong>: </strong></span></strong></h2>



<p class="gb-headline gb-headline-99cc166f gb-headline-text">We will analyze the impact on unemployment benefits for affected workers of various HR management positions and the communication of these issues to the managing entity.</p>



<p class="gb-headline gb-headline-97519940 gb-headline-text">We will learn about the impact on unemployment benefits and how to report various HR management incidents to the SEPE.</p>



<p class="gb-headline gb-headline-fe5f975e gb-headline-text"><strong>Speaker: <strong>Alfredo Martínez-Otero Alemany</strong><br></strong>Provincial Deputy Director of Benefits in Malaga</p>

</div>

<p>Descripción del EIP Talks: Analizaremos la incidencia en la protección por desempleo de los trabajadores afectados de diversas figuras de gestión de RRHH y la &#8230; <a title="Practical issues of HR with the Public Administration: labor inspection, SEPE and TGSS. Session II" class="read-more" href="https://eiposgrados.com/eng/eventos/cuestiones-practicas-de-los-rrhh-con-la-administracion-publica-inspeccion-de-trabajo-sepe-y-tgss-sesion-ii/" aria-label="Read more about Cuestiones prácticas de los RRHH con la Administración Pública: inspección de trabajo, SEPE y TGSS. Sesión II">Read more</a></p>
